{"id":35,"date":"2014-09-02T19:32:42","date_gmt":"2014-09-02T19:32:42","guid":{"rendered":"http:\/\/www.kostern.cz\/?page_id=35"},"modified":"2020-12-26T16:30:09","modified_gmt":"2020-12-26T16:30:09","slug":"contact","status":"publish","type":"page","link":"https:\/\/www.kostern.cz\/?page_id=35","title":{"rendered":"Contact"},"content":{"rendered":"<p><a href=\"http:\/\/www.kostern.cz\/wp-content\/uploads\/2014\/09\/kev.jpg\"><img decoding=\"async\" loading=\"lazy\" class=\"alignnone wp-image-287 alignleft\" src=\"http:\/\/www.kostern.cz\/wp-content\/uploads\/2014\/09\/kev.jpg\" alt=\"kev\" width=\"134\" height=\"174\" srcset=\"https:\/\/www.kostern.cz\/wp-content\/uploads\/2014\/09\/kev.jpg 264w, https:\/\/www.kostern.cz\/wp-content\/uploads\/2014\/09\/kev-230x300.jpg 230w\" sizes=\"(max-width: 134px) 100vw, 134px\" \/><\/a><\/p>\n<p>Michal Kostern<\/p>\n<p>Born in 1972 in a beautiful region of eastern Czech Republic, grew up in Adrspach, Teplice nad Metuji, Trutnov near the Giant Mountains and those places formed his love to nature.<\/p>\n<p>As amateur photographer started around 1995.<\/p>\n<p>Two exhibitions:<\/p>\n<ul>\n<li>Pod\u011bbrady<\/li>\n<li>Horn\u00ed Mar\u0161ov<\/li>\n<\/ul>\n<p>Contact: michal.kostern(at)gmail.com<\/p>\n<p>We support:<\/p>\n<p><a href=\"http:\/\/www.dobryandel.cz\" target=\"_blank\" rel=\"noopener\"><img decoding=\"async\" loading=\"lazy\" class=\"wp-image-562 alignleft\" src=\"http:\/\/www.kostern.cz\/wp-content\/uploads\/2014\/09\/Dobry_Andel_logo_main.png\" alt=\"Dobry_Andel_logo_main\" width=\"75\" height=\"83\" srcset=\"https:\/\/www.kostern.cz\/wp-content\/uploads\/2014\/09\/Dobry_Andel_logo_main.png 561w, https:\/\/www.kostern.cz\/wp-content\/uploads\/2014\/09\/Dobry_Andel_logo_main-270x300.png 270w\" sizes=\"(max-width: 75px) 100vw, 75px\" \/><\/a><a title=\"Adopce na d\u00e1lku\" href=\"http:\/\/praha.charita.cz\/zahranici\/adopce-na-dalku\/\" target=\"_blank\" rel=\"noopener\">\u00a0 \u00a0 \u00a0<img decoding=\"async\" loading=\"lazy\" class=\" wp-image-514 alignnone\" src=\"http:\/\/www.kostern.cz\/wp-content\/uploads\/2014\/09\/podporuji-msf.jpg\" alt=\"Podporuji_msf-dual-czech-cmyk-pdf\" width=\"286\" height=\"88\" srcset=\"https:\/\/www.kostern.cz\/wp-content\/uploads\/2014\/09\/podporuji-msf.jpg 2600w, https:\/\/www.kostern.cz\/wp-content\/uploads\/2014\/09\/podporuji-msf-300x92.jpg 300w, https:\/\/www.kostern.cz\/wp-content\/uploads\/2014\/09\/podporuji-msf-1024x315.jpg 1024w, https:\/\/www.kostern.cz\/wp-content\/uploads\/2014\/09\/podporuji-msf-575x177.jpg 575w, https:\/\/www.kostern.cz\/wp-content\/uploads\/2014\/09\/podporuji-msf-800x246.jpg 800w, https:\/\/www.kostern.cz\/wp-content\/uploads\/2014\/09\/podporuji-msf-850x262.jpg 850w\" sizes=\"(max-width: 286px) 100vw, 286px\" \/><\/a>\u00a0 \u00a0\u00a0<a title=\"People in need\" href=\"http:\/\/www.clovekvtisni.cz\/en\" target=\"_blank\" rel=\"noopener\"><img decoding=\"async\" loading=\"lazy\" class=\"alignnone wp-image-475\" src=\"http:\/\/www.kostern.cz\/wp-content\/uploads\/2014\/09\/pin_logo.gif\" alt=\"pin_logo\" width=\"88\" height=\"88\" \/><\/a><\/p>\n","protected":false},"excerpt":{"rendered":"<p>Michal Kostern Born in 1972 in a beautiful region of eastern Czech Republic, grew up in Adrspach, Teplice nad Metuji, Trutnov near the Giant Mountains and those places formed his love to nature. As amateur photographer started around 1995. Two exhibitions: Pod\u011bbrady Horn\u00ed Mar\u0161ov Contact: michal.kostern(at)gmail.com We support: \u00a0 \u00a0 \u00a0\u00a0 \u00a0\u00a0<\/p>\n","protected":false},"author":1,"featured_media":0,"parent":0,"menu_order":0,"comment_status":"open","ping_status":"closed","template":"","meta":[],"_links":{"self":[{"href":"https:\/\/www.kostern.cz\/index.php?rest_route=\/wp\/v2\/pages\/35"}],"collection":[{"href":"https:\/\/www.kostern.cz\/index.php?rest_route=\/wp\/v2\/pages"}],"about":[{"href":"https:\/\/www.kostern.cz\/index.php?rest_route=\/wp\/v2\/types\/page"}],"author":[{"embeddable":true,"href":"https:\/\/www.kostern.cz\/index.php?rest_route=\/wp\/v2\/users\/1"}],"replies":[{"embeddable":true,"href":"https:\/\/www.kostern.cz\/index.php?rest_route=%2Fwp%2Fv2%2Fcomments&post=35"}],"version-history":[{"count":1,"href":"https:\/\/www.kostern.cz\/index.php?rest_route=\/wp\/v2\/pages\/35\/revisions"}],"predecessor-version":[{"id":820,"href":"https:\/\/www.kostern.cz\/index.php?rest_route=\/wp\/v2\/pages\/35\/revisions\/820"}],"wp:attachment":[{"href":"https:\/\/www.kostern.cz\/index.php?rest_route=%2Fwp%2Fv2%2Fmedia&parent=35"}],"curies":[{"name":"wp","href":"https:\/\/api.w.org\/{rel}","templated":true}]}}